site?
True
Is 883438399 a composite number?
False
Is 4576103309 a composite number?
True
Is 2199020521 composite?
True
Is 40058801 prime?
False
Is 13952249357 a composite number?
False
Is 769653949 prime?
False
Is 769126691 composite?
False
Is 6136224499 a composite number?
False
Is 917597399 prime?
False
Is 2605815683 prime?
False
Is 8912103377 composite?
True
Is 54920890447 composite?
False
Is 66836224447 a composite number?
False
Is 4579331297 composite?
True
Is 186702071 composite?
False
Is 257033380991 a composite number?
False
Is 5418084911 a composite number?
False
Is 2425136057 a composite number?
False
Is 724532381 prime?
True
Is 1148848255 composite?
True
Is 361757467 prime?
False
Is 725103384295 a prime number?
False
Is 17844191923 prime?
False
Is 3601800733 composite?
False
Is 2730687257 prime?
True
Is 17343578477 a prime number?
False
Is 1834747547 prime?
True
Is 5962743277 a composite number?
True
Is 500850914 prime?
False
Is 400575103 prime?
True
Is 1539461797 prime?
False
Is 13614342493 prime?
True
Is 487906259 a composite number?
False
Is 22283975171 prime?
True
Is 322190101 a composite number?
True
Is 1011858101 a prime number?
True
Is 1281294793 composite?
True
Is 7695364433 a composite number?
False
Is 17382813797 composite?
True
Is 1405547257 composite?
False
Is 58333825487 a composite number?
True
Is 10750230339 a prime number?
False
Is 5030764523 a composite number?
False
Is 31329567313 composite?
True
Is 208755936737 prime?
False
Is 54365613233 a prime number?
False
Is 1057754363 composite?
False
Is 244028161679 prime?
False
Is 1508046071 a composite number?
True
Is 3818696393 prime?
True
Is 34911197 a prime number?
False
Is 114484098719 composite?
False
Is 6051661171 prime?
False
Is 52561898263 a prime number?
False
Is 310865222 prime?
False
Is 2682667883 prime?
False
Is 24568525133 a composite number?
False
Is 68224607 a prime number?
False
Is 4453789687 prime?
True
Is 47772262519 a composite number?
False
Is 453620939 a prime number?
True
Is 98453530519 prime?
False
Is 30839142577 composite?
False
Is 13969888123 prime?
False
Is 92646396529 a prime number?
True
Is 1999098523 a composite number?
False
Is 1000704193 a prime number?
True
Is 39183076129 a prime number?
True
Is 271337179 a prime number?
False
Is 166625812183 prime?
True
Is 10305195151 a composite number?
True
Is 1945607309 composite?
True
Is 12109120421 prime?
False
Is 4501429579 prime?
True
Is 186406153 composite?
True
Is 456474251 prime?
False
Is 1055222141 composite?
True
Is 7003808969 composite?
True
Is 4801423691 composite?
False
Is 1602118487 composite?
False
Is 960485483 prime?
True
Is 290595037 prime?
False
Is 155697979 a composite number?
False
Is 2374913927 prime?
True
Is 1665534107 a composite number?
False
Is 33089341913 a prime number?
True
Is 2206409 composite?
True
Is 79098032009 a prime number?
False
Is 439767791 composite?
False
Is 642981121 a composite number?
True
Is 14387319119 composite?
True
Is 18352403171 a composite number?
False
Is 614787163 a prime number?
True
Is 7901170219 a composite number?
True
Is 3108222041 composite?
False
Is 208681623593 a composite number?
True
Is 14719637371 a prime number?
False
Is 9716791589 composite?
False
Is 1085477171 prime?
False
Is 4829694209 a prime number?
True
Is 2263785893 prime?
True
Is 2823862121 a prime number?
False
Is 372515129 composite?
True
Is 15169490629 a composite number?
False
Is 57452294683 prime?
False
Is 87389105987 a prime number?
True
Is 92367882209 a composite number?
True
Is 470158103 a prime number?
False
Is 9942752681 a composite number?
False
Is 9296490361 a composite number?
True
Is 47858601821 prime?
False
Is 28944773201 composite?
False
Is 903348731 a prime number?
True
Is 382157183 a composite number?
False
Is 12100303645 a prime number?
False
Is 1182821777 prime?
True
Is 28708984163 a composite number?
False
Is 4783887371 composite?
True
Is 1058616283 a composite number?
True
Is 1449433717 composite?
True
Is 6957876047 composite?
False
Is 6151960423 prime?
False
Is 7652951909 composite?
True
Is 12421524229 prime?
False
Is 859457941 composite?
True
Is 687307513 composite?
False
Is 110916761 a prime number?
False
Is 83099607337 prime?
True
Is 162843835267 a composite number?
False
Is 1779245197 a composite number?
True
Is 10617241703 a prime number?
True
Is 630638831 a prime number?
False
Is 1058339255 composite?
True
Is 3645805529 a composite number?
False
Is 2589129761 prime?
False
Is 1442130979 a prime number?
True
Is 294226333369 prime?
False
Is 343363147 a composite number?
False
Is 963149483 composite?
False
Is 2708920237 composite?
False
Is 5783022397 prime?
True
Is 1890647453 prime?
True
Is 13499009857 prime?
False
Is 23796929423 composite?
False
Is 11229778253 composite?
False
Is 9151804247 composite?
False
Is 30920352469 composite?
False
Is 2351025487 prime?
True
Is 894808739 a prime number?
False
Is 553112387 prime?
False
Is 688873267 prime?
False
Is 1806916433 a composite number?
True
Is 44586728419 a prime number?
True
Is 25605081443 a composite number?
True
Is 4216132981 a prime number?
True
Is 116101505419 composite?
False
Is 7021737637 prime?
False
Is 1329784699 a prime number?
False
Is 23351982079 a prime number?
False
Is 181433711057 composite?
False
Is 206128397 composite?
True
Is 16274003357 a composite number?
False
Is 4275781247 a prime number?
True
Is 1277107543 prime?
True
Is 76031347877 composite?
False
Is 23206147499 composite?
True
Is 2775256231 a composite number?
True
Is 2740154899 a composite number?
False
Is 2241462082 a composite number?
True
Is 65068590721 prime?
False
Is 940681633 a prime number?
True
Is 1413793309 a composite number?
True
Is 38898913 a prime number?
True
Is 3834208141 a composite number?
False
Is 660563153 a prime number?
False
Is 2244731717 a prime number?
True
Is 47581409 composite?
False
Is 161527660039 prime?
True
Is 70483587571 a composite number?
False
Is 29098980263 a prime number?
False
Is 71071921 a prime number?
True
Is 1569746641 composite?
False
Is 17191570411 a prime number?
True
Is 10148243971 a prime number?
True
Is 374764887829 prime?
True
Is 1970531995 a composite number?
True
Is 206880161 composite?
False
Is 10370080766 a composite number?
True
Is 2753870309 composite?
False
Is 117636137 composite?
True
Is 24812969 a prime number?
True
Is 7323752221 a composite number?
True
Is 2218641743 prime?
False
Is 1121154373 composite?
False
Is 18347199739 composite?
True
Is 4960750103 composite?
True
Is 9434314507 composite?
True
Is 4689318239 composite?
True
Is 1839314011 prime?
True
Is 3670795087 prime?
True
Is 9116865599 prime?
True
Is 319076203423 prime?
True
Is 13181428745 a prime number?
False
Is 1577991655 a composite number?
True
Is 8067597085 composite?
True
Is 5092158007 a composite number?
True
Is 40258323877 a composite number?
False
Is 430242719 composite?
False
Is 132693805499 composite?
True
Is 657484649 prime?
False
Is 4339833481 a composite number?
False
Is 55784879 composite?
True
Is 1381156563 composite?
True
Is 30197489099 a prime number?
True
Is 1474995479 composite?
True
Is 143196191717 composite?
True
Is 11880374354 a prime number?
False
Is 6566607811 composite?
True
Is 15085104299 a prime number?
True
Is 920700227 a composite number?
False
Is 6673765253 prime?
True
Is 18355117439 a composite number?
True
Is 98579876111 a prime number?
True
Is 331198547 a prime number?
True
Is 179847068767 a prime number?
False
Is 4738495847 prime?
True
Is 687879721 a composite number?
True
Is 478708397 a composite number?
False
Is 3592309229 a composite number?
False
Is 607623063 composite?
True
Is 3356514169 a composite number?
False
Is 1844341879 a prime number?
False
Is 1714458589 a prime number?
True
Is 39846832511 composite?
False
Is 66105184849 a prime number?
False
Is 1330246817 a prime number?
True
Is 325447583 prime?
True
Is 7653552905 a composite number?
True
Is 7071446911 prime?
True
Is 4964472469 composite?
True
Is 87245885 prime?
False
Is 118059157 composite?
False
Is 1383939631 prime?
False
Is 14663810569 prime?
True
Is 1143368461 a prime number?
True
Is 35951844959 a composite number?
False
Is 2162926391 a prime number?
True
Is 411711479 a composite number?
False
Is 3665640593 prime